{"id":159,"date":"2020-04-22T13:33:48","date_gmt":"2020-04-22T13:33:48","guid":{"rendered":"http:\/\/persianaseleganthouse.com\/?page_id=159"},"modified":"2020-05-06T20:24:40","modified_gmt":"2020-05-07T01:24:40","slug":"panel","status":"publish","type":"page","link":"https:\/\/persianaseleganthouse.com\/index.php\/nuestros-productos\/panel\/","title":{"rendered":"Panel"},"content":{"rendered":"<p>[et_pb_section fb_built=\u00bb1&#8243; _builder_version=\u00bb4.4.3&#8243; background_image=\u00bbhttps:\/\/persianaseleganthouse.com\/wp-content\/uploads\/2020\/03\/6364.jpg\u00bb][et_pb_row _builder_version=\u00bb4.4.3&#8243;][et_pb_column type=\u00bb4_4&#8243; _builder_version=\u00bb4.4.3&#8243;][et_pb_post_title meta=\u00bboff\u00bb featured_image=\u00bboff\u00bb text_color=\u00bblight\u00bb _builder_version=\u00bb4.4.3&#8243; title_font=\u00bbMontserrat|600|||||||\u00bb title_text_color=\u00bb#ffffff\u00bb title_font_size=\u00bb33px\u00bb custom_margin=\u00bb21px||-62px||false|false\u00bb title_text_shadow_style=\u00bbpreset2&#8243; title_text_shadow_blur_strength=\u00bb0.23em\u00bb title_text_shadow_color=\u00bb#000000&#8243;][\/et_pb_post_title][\/et_pb_column][\/et_pb_row][\/et_pb_section][et_pb_section fb_built=\u00bb1&#8243; _builder_version=\u00bb4.4.3&#8243;][et_pb_row _builder_version=\u00bb4.4.3&#8243;][et_pb_column type=\u00bb4_4&#8243; _builder_version=\u00bb4.4.3&#8243;][et_pb_text _builder_version=\u00bb4.4.3&#8243; text_font=\u00bbQuicksand||||||||\u00bb text_font_size=\u00bb18px\u00bb text_line_height=\u00bb1.8em\u00bb]<\/p>\n<p><strong>PANEL JAPONES:<\/strong><\/p>\n<p>Es una persiana Elegante \u00a0con una apariencia\u00a0 limpia ideal para decorar tus espacios, se presenta en un conocido dise\u00f1o oriental, que consiste en varios pa\u00f1os deslizables \u00a0independientes cruz\u00e1ndosen entre s\u00ed, es muy recomendable para cubrir grandes espacios, como ventas, puertas y \u00a0salas que van de techo a piso.<\/p>\n<p>Todos los pa\u00f1os se realizan del mismo tama\u00f1o, lo que le otorga un dise\u00f1o ideal, permitiendo su utilizaci\u00f3n como divisor de ambientes o como cortina en puertas y ventanas.<\/p>\n<ul>\n<li>El panel est\u00e1 disponible en una gran variedad de telas, textura, colores, entre las cuales hay diferentes colecciones de Screen, Telas Trasl\u00facidas, Telas Opacas y Telas Blackout se puede personalizar a su gusto con una gran variedad de im\u00e1genes, se puede combinas los colores de los pa\u00f1os con 2 o tres estilos de tela distintas.<\/li>\n<li>Se puede fabricar de manera que todos los pa\u00f1os queden recogiendo a la derecha, a la izquierda, a los extremos o al centro, seg\u00fan el deseo de nuestro cliente.<\/li>\n<li>Permite ser motorizada f\u00e1cilmente y ser accionados desde un control remoto, el panel en grandes espacios de m\u00e1s de 2.5 metros se recomienda instalar motorizada.<\/li>\n<\/ul>\n<p>[\/et_pb_text][\/et_pb_column][\/et_pb_row][\/et_pb_section][et_pb_section fb_built=\u00bb1&#8243; _builder_version=\u00bb4.4.3&#8243;][et_pb_row _builder_version=\u00bb4.4.3&#8243;][et_pb_column type=\u00bb4_4&#8243; _builder_version=\u00bb4.4.3&#8243;][et_pb_gallery gallery_ids=\u00bb211,210,209,213,467,468,469,470,471,472,473,474,475,476,465,464,463,462,455,459,460,454,453,452,451,450,449,448,441,442,443,444,446,447,440,439,438,436,435,434,432,429,430,431,487,488,489,490,491,492,493,755&#8243; posts_number=\u00bb8&#8243; show_title_and_caption=\u00bboff\u00bb _builder_version=\u00bb4.4.3&#8243; hover_enabled=\u00bb0&#8243;][\/et_pb_gallery][\/et_pb_column][\/et_pb_row][\/et_pb_section]<\/p>\n","protected":false},"excerpt":{"rendered":"<p>[et_pb_section fb_built=\u00bb1&#8243; _builder_version=\u00bb4.4.3&#8243; background_image=\u00bbhttps:\/\/persianaseleganthouse.com\/wp-content\/uploads\/2020\/03\/6364.jpg\u00bb][et_pb_row _builder_version=\u00bb4.4.3&#8243;][et_pb_column type=\u00bb4_4&#8243; _builder_version=\u00bb4.4.3&#8243;][et_pb_post_title meta=\u00bboff\u00bb featured_image=\u00bboff\u00bb text_color=\u00bblight\u00bb _builder_version=\u00bb4.4.3&#8243; title_font=\u00bbMontserrat|600|||||||\u00bb title_text_color=\u00bb#ffffff\u00bb title_font_size=\u00bb33px\u00bb custom_margin=\u00bb21px||-62px||false|false\u00bb title_text_shadow_style=\u00bbpreset2&#8243; title_text_shadow_blur_strength=\u00bb0.23em\u00bb title_text_shadow_color=\u00bb#000000&#8243;][\/et_pb_post_title][\/et_pb_column][\/et_pb_row][\/et_pb_section][et_pb_section fb_built=\u00bb1&#8243; _builder_version=\u00bb4.4.3&#8243;][et_pb_row _builder_version=\u00bb4.4.3&#8243;][et_pb_column type=\u00bb4_4&#8243; _builder_version=\u00bb4.4.3&#8243;][et_pb_text _builder_version=\u00bb4.4.3&#8243; text_font=\u00bbQuicksand||||||||\u00bb text_font_size=\u00bb18px\u00bb text_line_height=\u00bb1.8em\u00bb] PANEL JAPONES: Es una persiana Elegante \u00a0con una apariencia\u00a0 limpia ideal para decorar tus espacios, se presenta en un conocido dise\u00f1o oriental, que consiste en varios pa\u00f1os deslizables [&hellip;]<\/p>\n","protected":false},"author":1,"featured_media":0,"parent":146,"menu_order":0,"comment_status":"closed","ping_status":"closed","template":"","meta":{"_et_pb_use_builder":"on","_et_pb_old_content":"","_et_gb_content_width":"","_joinchat":[],"footnotes":""},"class_list":["post-159","page","type-page","status-publish","hentry"],"_links":{"self":[{"href":"https:\/\/persianaseleganthouse.com\/index.php\/wp-json\/wp\/v2\/pages\/159"}],"collection":[{"href":"https:\/\/persianaseleganthouse.com\/index.php\/wp-json\/wp\/v2\/pages"}],"about":[{"href":"https:\/\/persianaseleganthouse.com\/index.php\/wp-json\/wp\/v2\/types\/page"}],"author":[{"embeddable":true,"href":"https:\/\/persianaseleganthouse.com\/index.php\/wp-json\/wp\/v2\/users\/1"}],"replies":[{"embeddable":true,"href":"https:\/\/persianaseleganthouse.com\/index.php\/wp-json\/wp\/v2\/comments?post=159"}],"version-history":[{"count":16,"href":"https:\/\/persianaseleganthouse.com\/index.php\/wp-json\/wp\/v2\/pages\/159\/revisions"}],"predecessor-version":[{"id":757,"href":"https:\/\/persianaseleganthouse.com\/index.php\/wp-json\/wp\/v2\/pages\/159\/revisions\/757"}],"up":[{"embeddable":true,"href":"https:\/\/persianaseleganthouse.com\/index.php\/wp-json\/wp\/v2\/pages\/146"}],"wp:attachment":[{"href":"https:\/\/persianaseleganthouse.com\/index.php\/wp-json\/wp\/v2\/media?parent=159"}],"curies":[{"name":"wp","href":"https:\/\/api.w.org\/{rel}","templated":true}]}}